{"id":243,"date":"2019-01-15T12:31:18","date_gmt":"2019-01-15T11:31:18","guid":{"rendered":"https:\/\/cplarraga.educacion.navarra.es\/web\/?page_id=243"},"modified":"2019-03-17T22:07:53","modified_gmt":"2019-03-17T21:07:53","slug":"proyectos-solidarios","status":"publish","type":"page","link":"https:\/\/cplarraga.educacion.navarra.es\/web\/proyectos-solidarios\/","title":{"rendered":"Proyectos solidarios"},"content":{"rendered":"<p>Desde el colegio y gestionado por el <strong><span style=\"color: #000000\">\u00e1rea de religi\u00f3n<\/span><\/strong>, trabajamos la solidaridad con aquellas personas necesitadas, para formar personas \u00edntegras capaces de sensibilizarse con los dem\u00e1s y aportar lo que cada uno puede, todo suma. colaboramos con:<\/p>\n<ul>\n<li><strong><span style=\"color: #000000\">SOS \u00c1FRICA<\/span><\/strong>, una organizaci\u00f3n humanitaria fundada en 1992, para promover la solidaridad con el continente africano, especialmente con los ni\u00f1os y ni\u00f1as, intentando mejorar sus condiciones de vida en el campo de la educaci\u00f3n, sanidad y respeto de sus valores culturales. El principal objeto es conseguir agua sana y construir escuelas dignas<\/li>\n<li>Tambi\u00e9n colaboramos con la <span style=\"color: #6dc6f2\"><strong><span style=\"color: #000000\">F<\/span><span style=\"color: #000000\">UNDACI\u00d3N SANTA LOLA<\/span><\/strong><\/span> cuyo objetivo es rep\u00fablica dominicana, revitalizando la calidad de vida de ni\u00f1os y ni\u00f1as en cuanto a educaci\u00f3n y sanidad se refiere.<\/li>\n<\/ul>\n<p>La\u00a0 manera de colaborar es tan sencilla como aportar ropa y calzado en desuso para reconvertirlo en la ayudas anteriormente mencionadas.<\/p>\n<p>El objetivo del colegio con esta actividad es formar personas solidarias. Una educaci\u00f3n para una buena convivencia no puede dejar de lado la disponibilidad y el trabajo por aquellas personas o colectivos que en un momento determinado puedan necesitarlo.<\/p>\n","protected":false},"excerpt":{"rendered":"<p>Desde el colegio y gestionado por el \u00e1rea de religi\u00f3n, trabajamos la solidaridad con aquellas personas necesitadas, para formar personas \u00edntegras capaces de sensibilizarse con los dem\u00e1s y aportar lo que cada uno puede, todo suma. colaboramos con: SOS \u00c1FRICA, una organizaci\u00f3n humanitaria fundada en 1992, para promover la solidaridad con el continente africano, especialmente [&hellip;]<\/p>\n","protected":false},"author":6,"featured_media":0,"parent":0,"menu_order":0,"comment_status":"closed","ping_status":"closed","template":"","meta":{"_genesis_hide_title":false,"_genesis_hide_breadcrumbs":false,"_genesis_hide_singular_image":false,"_genesis_hide_footer_widgets":false,"_genesis_custom_body_class":"","_genesis_custom_post_class":"","_genesis_layout":""},"_links":{"self":[{"href":"https:\/\/cplarraga.educacion.navarra.es\/web\/wp-json\/wp\/v2\/pages\/243"}],"collection":[{"href":"https:\/\/cplarraga.educacion.navarra.es\/web\/wp-json\/wp\/v2\/pages"}],"about":[{"href":"https:\/\/cplarraga.educacion.navarra.es\/web\/wp-json\/wp\/v2\/types\/page"}],"author":[{"embeddable":true,"href":"https:\/\/cplarraga.educacion.navarra.es\/web\/wp-json\/wp\/v2\/users\/6"}],"replies":[{"embeddable":true,"href":"https:\/\/cplarraga.educacion.navarra.es\/web\/wp-json\/wp\/v2\/comments?post=243"}],"version-history":[{"count":3,"href":"https:\/\/cplarraga.educacion.navarra.es\/web\/wp-json\/wp\/v2\/pages\/243\/revisions"}],"predecessor-version":[{"id":1141,"href":"https:\/\/cplarraga.educacion.navarra.es\/web\/wp-json\/wp\/v2\/pages\/243\/revisions\/1141"}],"wp:attachment":[{"href":"https:\/\/cplarraga.educacion.navarra.es\/web\/wp-json\/wp\/v2\/media?parent=243"}],"curies":[{"name":"wp","href":"https:\/\/api.w.org\/{rel}","templated":true}]}}